 factor of 431647 and 527?
17
Calculate the highest common factor of 574586 and 184.
46
Calculate the greatest common factor of 3328 and 15600.
208
What is the highest common factor of 52 and 95498?
26
What is the greatest common divisor of 222 and 1739?
37
What is the highest common factor of 9 and 70947?
9
Calculate the greatest common factor of 33444 and 1764.
36
What is the greatest common divisor of 1285356 and 1548?
516
What is the highest common factor of 3112205 and 395?
395
Calculate the greatest common factor of 103284 and 57.
57
What is the greatest common divisor of 294 and 77567?
49
What is the highest common factor of 483837 and 17?
17
What is the highest common divisor of 12 and 2174836?
4
What is the highest common factor of 45710 and 385?
35
What is the highest common factor of 8729 and 182?
7
Calculate the highest common divisor of 140096 and 242.
22
What is the highest common factor of 7048 and 88?
8
Calculate the highest common factor of 24 and 33100.
4
What is the highest common factor of 1602 and 123532?
178
What is the greatest common divisor of 420 and 3282?
6
What is the greatest common divisor of 109626 and 2114?
302
What is the greatest common factor of 57 and 258647?
19
Calculate the greatest common divisor of 15399 and 4263.
87
What is the greatest common factor of 127058 and 370?
74
What is the highest common factor of 500 and 9340?
20
Calculate the greatest common factor of 61 and 2749575.
61
What is the greatest common factor of 263 and 1915429?
263
Calculate the greatest common divisor of 3000 and 10572.
12
What is the highest common divisor of 286156 and 234?
26
Calculate the highest common divisor of 13140 and 405.
45
What is the greatest common divisor of 1623216 and 192?
48
What is the greatest common factor of 1106810 and 10?
10
Calculate the greatest common divisor of 135 and 20445.
15
Calculate the greatest common factor of 30 and 8655.
15
What is the highest common factor of 2320 and 192080?
80
Calculate the highest common factor of 206508 and 324.
12
Calculate the highest common factor of 38 and 186523.
19
What is the highest common factor of 97604 and 2756?
52
Calculate the highest common divisor of 111948 and 24.
12
Calculate the greatest common factor of 287 and 6664.
7
What is the highest common factor of 4230 and 141282?
846
What is the highest common divisor of 1215 and 13905?
135
What is the greatest common divisor of 216 and 4887?
27
Calculate the highest common divisor of 5013 and 882.
9
What is the highest common divisor of 400 and 1072?
16
What is the greatest common factor of 738369 and 1476?
369
What is the highest common divisor of 2770 and 82546?
554
Calculate the greatest common divisor of 9017 and 92329.
127
Calculate the greatest common factor of 28 and 2320724.
28
Calculate the highest common factor of 336 and 13040.
16
Calculate the highest common divisor of 10295 and 13135.
355
What is the greatest common divisor of 3327226 and 23?
23
What is the highest common divisor of 840 and 6405?
105
Calculate the greatest common divisor of 3309 and 13.
1
Calculate the highest common divisor of 232190 and 50.
10
Calculate the greatest common factor of 3 and 541389.
3
Calculate the greatest common factor of 3308190 and 60.
30
Calculate the highest common divisor of 66 and 7086.
6
What is the highest common factor of 373424 and 16?
16
Calculate the greatest common factor of 40 and 316840.
40
What is the greatest common divisor of 1456 and 3899?
7
What is the highest common divisor of 126 and 58014?
18
What is the greatest common factor of 12324 and 1209?
39
What is the greatest common divisor of 5012 and 238?
14
Calculate the greatest common factor of 369 and 669.
3
What is the greatest common divisor of 3984 and 102144?
48
What is the greatest common factor of 9550 and 260?
10
What is the highest common divisor of 72 and 834984?
72
What is the greatest common factor of 507 and 2925?
39
Calculate the highest common divisor of 372 and 230454.
186
What is the highest common factor of 5 and 145090?
5
Calculate the greatest common divisor of 101332 and 56.
28
What is the highest common divisor of 720 and 12510?
90
What is the greatest common divisor of 92994 and 462?
66
What is the greatest common factor of 12 and 731072?
4
Calculate the greatest common factor of 219432 and 36.
12
Calculate the highest common factor of 36 and 36981.
9
Calculate the greatest common divisor of 4966324 and 2648.
1324
What is the highest common divisor of 170 and 53890?
170
What is the highest common factor of 69 and 1059?
3
What is the greatest common divisor of 1261757 and 238?
119
What is the greatest common divisor of 19 and 281352?
19
Calculate the greatest common factor of 136 and 775480.
8
What is the highest common divisor of 77553 and 189?
63
What is the greatest common factor of 380715 and 2295?
255
What is the greatest common divisor of 533 and 118196?
13
What is the highest common factor of 148046 and 316?
158
Calculate the greatest common divisor of 2556 and 171.
9
Calculate the greatest common factor of 859954 and 1998.
74
What is the greatest common divisor of 48 and 2937888?
48
What is the highest common divisor of 335 and 4003652?
67
What is the highest common factor of 2320972 and 10592?
1324
What is the highest common factor of 7140 and 6405?
105
What is the highest common factor of 1908 and 4824?
36
What is the greatest common factor of 348449 and 51?
17
What is the greatest common factor of 9 and 80952?
3
Calculate the greatest common factor of 3077503 and 715.
143
What is the highest common divisor of 496 and 7471?
31
Calculate the highest common divisor of 60 and 98430.
30
What is the highest common divisor of 891 and 68310?
297
What is the highest common divisor of 1183 and 1092?
91
Calculate the greatest common divisor of 1216 and 365408.
608
What is the greatest common divisor of 593410 and 190?
10
What is the greatest common factor of 55709 and 51?
17
What is the greatest common divisor of 402 and 256482?
6
What is the greatest common divisor of 3047 and 220?
11
Calculate the greatest common factor of 28 and 82439.
7
What is the greatest common factor of 5608 and 2096?
8
Calculate the highest common divisor of 9 and 338571.
9
Calculate the highest common divisor of 687984 and 1584.
528
What is the highest common factor of 40 and 70336?
8
Calculate the highest common factor of 1110 and 1406.
74
Calculate the highest common factor of 972 and 581580.
324
Calculate the highest common factor of 8 and 6856.
8
What is the greatest common divisor of 1813115 and 1070?
535
What is the highest common factor of 33 and 20581?
11
What is the greatest common divisor of 40 and 684220?
20
What is the greatest common factor of 108 and 105102?
18
What is the greatest common factor of 6 and 43234?
2
Calculate the highest common factor of 1316 and 27307.
329
What is the greatest common divisor of 287658 and 3402?
378
Calculate the highest common divisor of 198 and 1206.
18
What is the greatest common divisor of 177310 and 3278?
298
What is the greatest common divisor of 38 and 599583?
19
What is the highest common factor of 11 and 130691?
11
What is the greatest common factor of 78 and 110304?
6
Calculate the highest common factor of 117933 and 38.
19
What is the highest common divisor of 3024866 and 39?
13
Calculate the highest common divisor of 12 and 310494.
6
What is the greatest common factor of 12290 and 380?
10
What is the highest common divisor of 16545 and 1535?
5
What is the highest common factor of 1307583 and 162?
81
Calculate the greatest common divisor of 124072 and 104.
104
Calculate the highest common divisor of 20541 and 14529.
501
What is the highest common factor of 131572 and 24346?
518
What is the highest common factor of 126 and 28952?
14
Calculate the highest common factor of 64828 and 76.
76
What is the highest common factor of 18 and 6082191?
9
Calculate the greatest common divisor of 17440800 and 1290.
1290
Calculate the greatest common divisor of 680 and 11980.
20
What is the greatest common divisor of 17995 and 4575?
305
Calculate the highest common divisor of 717784 and 72.
8
Calculate the highest common factor of 435 and 294495.
435
What is the highest common divisor of 115799 a